. Let q be m(t). Let g(b) = -1. Let j(l) = l - 2. Let c(x) = -6*g(x) + j(x). Give c(q).
7
Let h = -10 + 15. Let a(k) = -4*k - 1323. Let c(r) = r + 263. Let f(z) = -a(z) - 5*c(z). Determine f(h).
3
Let r = 16610 + -16615. Let i(b) = -8*b**3 - 42*b**2 - 11*b - 2. Give i(r).
3
Suppose 28*d - 220 = -7*d + 760. Let t(f) = -f**2 + 29*f - 29. Give t(d).
-1
Let s(i) = -i**3 + 9*i**2 - 17*i + 1. Let g be (-4)/((-12)/15) - (-3 - -2). Give s(g).
7
Let l(s) = s**3 - s**2 - s - 1. Let v(m) = -5*m**2 - 6*m - 11 + 6 - 5 - m**3. Let q = -8 + 4. Let a be v(q). Determine l(a).
-11
Let r(g) = -3*g - 51. Let s(k) = k**3 - 6*k**2 - 68*k - 83. Let i be s(-5). What is r(i)?
3
Let j(k) be the second derivative of 1/6*k**3 - 4*k**2 - 6*k + 0. Calculate j(6).
-2
Let l(h) be the third derivative of -h**6/120 + h**5/15 + h**4/4 - h**3/2 - 3*h**2. Let q(p) = 550*p - 10445. Let a be q(19). What is l(a)?
2
Suppose 797 = 8*b + 781. Let m(u) be the first derivative of 5*u**3/3 - 2*u**2 + 3*u - 7. Give m(b).
15
Let h(a) = -a**3 + 0*a**2 + 8*a + 33 + 5*a**2 - 41. Let y(l) = l**3 + 9*l**2 + 9*l + 14. Suppose -7*k - 63 = -7. Let b be y(k). Determine h(b).
4
Let a(m) be the first derivative of -m**4/4 - 2*m**3 + 7*m**2/2 + 3*m - 2. Let s be -2 - 141/30 - 6939/23130. Give a(s).
3
Let k(c) = -2 - 2*c + 10*c + 3*c**3 - 4 + c + 15*c**2 + 12. What is k(-6)?
-156
Let l(y) = -5081 - 237*y + 5074 + 238*y. Suppose -2*k + 29 - 10 = 5*q, k + 13 = 5*q. What is l(q)?
-4
Let c(l) be the third derivative of -2*l + 0*l**3 - 9*l**2 + 0 - 1/6*l**5 - 1/120*l**6 - 1/2*l**4. Calculate c(-8).
-32
Suppose h + 9 - 2 = 3*s, 0 = -2*h + 4. Suppose 0 = -7*u + s*u. Let b(l) = 6 - 2*l**2 + 5*l**2 + u*l**2 + 5*l - 4*l**2. Give b(6).
0
Let l = 64 + -58. Suppose 0 = l*j - 1 - 17. Let s(k) = 4*k - 6. Let y(p) = -3*p + 5. Let v(z) = 4*s(z) + 5*y(z). Determine v(j).
4
Let f(i) = 8*i**2 - 1. Let x be f(-1). Let b(k) = 222*k + 19 - 218*k - 16. Determine b(x).
31
Suppose -248*r + 312 = -502 - 1418. Let t(u) = u**3 - 9*u**2 - 8*u + 33. Determine t(r).
-39
Let y(a) = -3 - 5 - a**2 + 3 + 2*a - 9*a. Let v be y(-4). Let m(r) be the first derivative of r**4/4 - 8*r**3/3 + 7*r**2/2 + 5*r - 51. What is m(v)?
5
Let l(x) = x**3 - 7*x**2 - 10*x - 7. Let i = 2877 + -2869. Give l(i).
-23
Let d(v) = 5*v**2 - v. Let m be (3 - 2)/(1 - (-672)/(-676)). Suppose 171*f = m*f - 4. Calculate d(f).
22
Let k(v) = 7*v**3 + 2*v**2 + 5*v + 3. Let f(c) = -12*c**3 - 5*c**2 - 6*c - 7. Let t(n) = 3*f(n) + 5*k(n). Calculate t(-7).
43
Suppose 7*z = -5*q - 6, 2*q + z - 20 = -26. Let m(t) = -t**3 - 3*t**2 + 19*t + 52. Calculate m(q).
-8
Let k(w) = -934 - 389*w + 5*w**2 + 387*w + w**3 + 924. What is k(-5)?
0
Suppose -5*p = 3*h + 4, -5*p + 2*h - h - 12 = 0. Let t(q) = 4. Let l(o) = o + 1. Suppose y + 3*v - 5*v = 5, 8 = -2*v. Let c(n) = y*l(n) + t(n). What is c(p)?
7
Suppose -17*s + 256 = 41*s - 90*s. Let v(f) = f**2 + 3*f - 21. What is v(s)?
19
Let s(q) = q**2 - 4*q - 55. Suppose 111 = 48*i - 129. Let z(a) = -3*a + 2. Let g(d) = i*z(d) + s(d). Determine g(21).
-3
Let a(o) = -o**3 - 11*o**2 + 2*o + 8. Let g = -2593 + 2582. Determine a(g).
-14
Let v(o) be the third derivative of -o**6/120 + o**5/5 + 19*o**4/24 + 2*o**3/3 - 2*o**2 + 4*o - 3. Determine v(13).
82
Let m(n) = -1 - 14 + 2*n - n + 0*n + 24. Let b be 6/(-2) + (18/2)/3. Determine m(b).
9
Let s be -2 - (-11)/(22/12). Suppose -s*g + 34 = -4*p + 5*p, -3*p + 5*g + 34 = 0. Let c(q) = -10*q - 5*q**2 - 1 - 14*q**2 + p*q**2 + q. Give c(-9).
-1
Suppose -113*j - 11 = -128*j + 109. Let o(s) = s**3 - 2*s**2 - 51*s + 28. Calculate o(j).
4
Let p(q) = q**3 + q**2 + 1. Suppose -6*z + 600 = -14*z. Let u = 73 + z. What is p(u)?
-3
Let g(a) be the third derivative of 79*a**6/120 - a**4/12 - a**3/6 + 2579*a**2. Calculate g(-1).
-78
Let k(v) = 15*v**3 - 101*v**2 - 24*v - 15. Let s be k(7). Let f(m) = -m**3 + 13*m**2 - 16*m + 204. What is f(s)?
-4
Let c be (-51)/85*(3 + -2)*(2 + -7). Let t(y) be the first derivative of -4/3*y**c - 7*y - 9 + 3/2*y**2 - 1/4*y**4. Give t(-5).
3
Let r(b) = -6*b + 19. Let a be ((-973)/278)/(14/(-16)). Determine r(a).
-5
Let r(p) be the third derivative of -1/2*p**3 + 0 - 3/40*p**5 + 0*p - 1/12*p**4 + 18*p**2 + 1/360*p**6. Let k(z) be the first derivative of r(z). Give k(5).
-22
Let h(m) = -1981*m + 987*m + 43 + 984*m. Give h(5).
-7
Let l(n) = -42*n - 9*n + 49*n - 285 - 11*n - 13*n. Calculate l(-11).
1
Suppose 11*c - 8 = 10*c. Suppose -y - c = y. Let d be -2 + 4 + (2 - (-8)/y). Let r(z) = -z**2 + z. Determine r(d).
-2
Let a(s) = 22*s - 5. Let b be a(2). Let v = 41 - b. Let w(j) = 1 - 4*j**3 + v*j + 0*j**2 + 6*j**2 - 6*j**2. Determine w(-1).
3
Let d(n) = -3*n + 1 - 2*n + n + 0*n. Let o be (-2)/6 + 3/9. Suppose o = -5*s - 9 - 11. What is d(s)?
17
Let o(s) = 65*s - 80. Let t(i) = 87*i - 79. Let m(n) = -5*o(n) + 4*t(n). Give m(-4).
-8
Let v be ((-24)/28)/((-2)/42). Let i be 6/v - (-268)/6. Suppose j - i = -48. Let k(u) = -u**2 - 5*u. Calculate k(j).
6
Let a(t) = 2*t - 1184*t**2 + 2369*t**2 + 0 + 6 - 1184*t**2. Determine a(-4).
14
Let i(y) = -y + 21. Let k(a) = 2*a - 2. Let z(x) = -2*i(x) - 4*k(x). Give z(-5).
-4
Let h(y) = -y**2 + 27*y - 11. Suppose 59*u - 4604 = -67*u - 1202. Give h(u).
-11
Let l(y) be the second derivative of -y**4/12 - 3*y**3/2 + 13*y**2/2 - 34479*y. Suppose -33 = 2*x + x + 3*u, x - 2*u = -5. Determine l(x).
13
Let m(a) be the second derivative of -a**5/20 - a**4/2 - a**3/6 + 3*a**2 - 2492*a. Let t(o) = -o**3 + 13*o**2 + 15*o - 20. Let q be t(14). Determine m(q).
12
Let j(t) be the third derivative of t**5/15 + 5*t**4/24 + t**3/6 + 1803*t**2. Determine j(-2).
7
Let f(y) = -y**3 + 14*y**2 - y + 16. Suppose 200*j - 1824 = 976. Determine f(j).
2
Let o(r) be the third derivative of 0*r - 1/6*r**3 + 55 - 2*r**2 - 1/24*r**4 + 2/15*r**5. Give o(-2).
33
Let x(n) = -n**2 + n - 2. Let c(m) = -m**3 + 9*m**2 + 10*m - 3. Let k = -16 + 26. Let w be c(k). Let r be -3 - (-10)/(-6)*w. Calculate x(r).
-4
Let o(s) = 3*s + 0*s - 6*s - 2*s**2. Let w(c) be the second derivative of -c**3 - 57*c**2/2 + 2*c + 46. Let k be w(-9). Give o(k).
-9
Let o(c) be the first derivative of -4*c**2 + 9*c + 1. Let b(p) = -p**3 - 49*p**2 - 530*p - 59. Let n be b(-33). Calculate o(n).
-47
Let l be 30/(-3)*8/20. Let a(q) = 8*q**3 + 4*q**2 - 11*q + 11. Let d(u) = -u**3 + u - 1. Let v(f) = a(f) + 7*d(f). Calculate v(l).
20
Suppose -p + o = -24 + 3, -4*p + 5*o = -89. Let g(c) = -7*c - 20. Let z(f) = 22*f + 62. Let d(r) = p*g(r) + 5*z(r). Calculate d(-10).
10
Let u(l) = -3*l**2 + 23*l - 27. Let o be u(6). Let s(b) = o*b + 7 - 6 - b - b. Calculate s(6).
7
Suppose 0 = 2*y + 4*p - 14, -5*y - p + 21 = 4. Let u(v) = 288*v - 815*v + 523*v. Determine u(y).
-12
Let n(c) = -2 + 16*c - 12 + 26958*c**2 - 26957*c**2. Determine n(-17).
3
Let y(g) = -g - 109. Let x = 9186 + -9219. Give y(x).
-76
Let c(m) = 5*m**2 + m - 6. Let a(l) = -4*l**2 - 5*l + 10. Let o(q) = -4*q**2 - 6*q + 11. Let b(v) = -6*a(v) + 5*o(v). Let y(w) = 4*b(w) - 3*c(w). Give y(2).
-4
Let d(u) = u**2 - 2*u + 12. Suppose -5*b = o - 29, -4*b - o = -4*o - 27. What is d(b)?
36
Let i(j) be the first derivative of 2*j**3/3 + j**2/2 - 2*j - 1920. Give i(-7).
89
Let y(i) = -4*i + 39. Let o be y(9). Suppose z + o = p, -2*z + 0*p - 9 = p. Let c(l) = l**3 - 3 - l - 4 + 2 + 3*l**2. Determine c(z).
-17
Let g(o) = -2*o + 15. Let u be 3 - (-7 - -55)/6. Let h be ((-40)/(-2))/4 - u. Calculate g(h).
-5
Let b(w) = -97 + 153357*w**2 - 4*w + w**3 - 76656*w**2 - 76677*w**2. Calculate b(-24).
-1
Suppose 3*o + 9 = -2*z, z = -o + 2 - 7. Let i(m) = -m**3 - 6*m**2 + 3*m + 11. Let q(x) = -x - 1. Let r(y) = -i(y) - 6*q(y). Determine r(z).
-23
Let u(t) = 5*t**3 + 24*t**2 - 20*t - 66. Let k(g) = -3*g**3 - 17*g**2 + 12*g + 44. Let m(w) = -8*k(w) - 5*u(w). Determine m(16).
42
Suppose i = 5*u + 6, 5*i - 30 = -6*u + 3*u. Suppose 6 = -5*v + i. Let p(g) = g**3 - g**2 + g + 4. Calculate p(v).
4
Suppose -3*b + 45 = 2*s + 5, 0 = s - 4*b - 9. Suppose -2*l + 15 - s = 0. Let a(x) = 6*x + 9. Let f be a(l). Let i(h) = h**3 - 2*h**2 - 4*h + 3. Calculate i(f).
0
Let r(m) be the first derivative of m**3/3 + 4*m**2 + 9*m - 1653. Give r(-2).
-3
Suppose -42*p - 24 - 18 = -0*p. Let s(w) = 1 + 3*w**3 - 2*w**3 + 2*w - 1 + 1 + w**2. Determine s(p).
-1
Let z(u) be the first derivative of 7/2*u**2 - 1/6*u**3 - 17*u + 13.